culate m(33).
-43
Let b(q) = -q - 68. Calculate b(-4).
-64
Let d(i) = i**2 - 42*i - 26. Give d(42).
-26
Let p(i) = 4*i**2 + 440*i + 2098. Calculate p(-5).
-2
Let y(h) = 247*h**2 + 973*h - 23. Give y(-4).
37
Let t(i) = -10*i - 62. Determine t(-18).
118
Let f(p) = 27*p**2 + 325*p - 4. What is f(-12)?
-16
Let z(d) = d**3 + 48*d**2 + 563*d - 294. Calculate z(-23).
-18
Let y(k) = 18193*k - 36383. Determine y(2).
3
Let x(a) = 3*a**2 + 1177*a - 5964. Calculate x(5).
-4
Let f(p) = 10*p**3 + 61*p**2 + 15*p + 55. Give f(-6).
1
Let u(r) = -r**3 - 4*r**2 + 2*r - 32. Give u(0).
-32
Let j(d) = 2*d**3 - 14*d**2 + 40*d - 106. Calculate j(5).
-6
Let o(j) = -36*j + 609. Give o(18).
-39
Let b(n) = 2*n**3 + 9*n**2 + 11*n + 21. Calculate b(-4).
-7
Let j(n) = 4*n**3 + 116*n**2 + 4*n - 30. What is j(-29)?
-146
Let r(x) = 3*x**2 - 362*x + 2917. Calculate r(112).
5
Let k(t) = -153*t + 933. Calculate k(6).
15
Let x(d) = 54*d + 3. Calculate x(-1).
-51
Let t(u) = u**3 + 47*u**2 - 654*u + 174. What is t(11)?
-2
Let d(o) = -o**3 + 49*o**2 + 377*o + 831. What is d(56)?
-9
Let c(z) = z**2 - 136*z - 2587. What is c(-17)?
14
Let h(v) = v**2 + 14*v - 216. Calculate h(12).
96
Let v(c) = c**3 - 17*c**2 - 19*c + 18. What is v(18)?
0
Let v(c) = -c**3 - 7*c**2 - 59*c - 322. What is v(-6)?
-4
Let d(v) = 3*v - 98. Calculate d(21).
-35
Let p(y) = 11*y**3 - 10*y**2 - 25*y - 14. Give p(-1).
-10
Let z(h) = -21*h**2 - 256*h - 702. Give z(-4).
-14
Let l(g) = 4*g**2 - 285*g + 919. What is l(68)?
35
Let p(a) = 3*a**2 + 35*a + 55. What is p(-10)?
5
Let r(f) = 2*f**3 + 9*f**2 + 20*f + 13. What is r(-5)?
-112
Let x(n) = 3*n**2 - 441*n + 7615. Calculate x(127).
-5
Let d(g) = -g**2 + 30*g + 106. Determine d(32).
42
Let t(z) = -z**2 - 87*z + 11. What is t(-87)?
11
Let x(u) = u**3 - 3*u**2 + 155*u - 612. Give x(4).
24
Let d(i) = -16*i + 7. Determine d(8).
-121
Let v(b) = -b**2 + 21*b - 67. Calculate v(16).
13
Let c(m) = m**3 + 4*m**2 + 5*m + 8. What is c(-4)?
-12
Let j(h) = 675*h + 6154. What is j(-9)?
79
Let o(c) = 2*c**2 - 8*c + 36. Determine o(4).
36
Let k(z) = -z**2 - 25*z - 37. Give k(-11).
117
Let u(b) = -b**3 + 2*b**2 - 410*b + 1228. Give u(3).
-11
Let a(f) = 2*f**2 - 114*f + 416. What is a(55)?
196
Let z(r) = 62*r + 142. What is z(5)?
452
Let m(n) = -8*n**2 - 243*n - 80. Determine m(-30).
10
Let l(c) = -2*c**3 - 8*c**2 + 6*c + 3. Calculate l(-6).
111
Let w(b) = 3*b**2 + 51*b - 156. What is w(3)?
24
Let z(l) = 722*l + 5764. Determine z(-8).
-12
Let j(i) = i**3 + 30*i**2 + 21*i - 220. Calculate j(-29).
12
Let r(w) = -41*w - 41. What is r(-3)?
82
Let n(l) = 102*l - 721. Calculate n(7).
-7
Let c(b) = 2*b**3 + 9*b**2 - 2820*b - 11289. Calculate c(-4).
7
Let f(k) = -2*k**3 + 126*k**2 + 117*k + 47. Give f(64).
-657
Let g(b) = 2*b**3 + 18*b**2 + 30*b + 507. Give g(-10).
7
Let s(o) = 56*o - 3101. Give s(55).
-21
Let i(g) = -g**3 - 18*g**2 + 24*g - 823. Calculate i(-21).
-4
Let r(k) = -k**2 + 18*k + 46. Calculate r(13).
111
Let p(k) = -432*k - 456. Determine p(-1).
-24
Let m(r) = -242*r + 345. Give m(4).
-623
Let p(u) = -u**3 + 23*u**2 + 31*u - 54. Determine p(24).
114
Let d(g) = 2*g**3 + 31*g**2 - 28*g - 13. Determine d(-17).
-404
Let m(o) = o**2 + 1254*o - 13866. What is m(11)?
49
Let b(a) = 146*a - 1275. Give b(8).
-107
Let o(z) = -195*z + 790. What is o(4)?
10
Let z(l) = -63*l - 16177. Calculate z(-257).
14
Let l(s) = s**2 - 82. Give l(-21).
359
Let z(i) = -238*i + 6901. What is z(29)?
-1
Let l(c) = 2*c**2 + 70*c - 29. What is l(-28)?
-421
Let b(a) = 13*a**3 + 5*a**2 - 4*a - 6. Determine b(2).
110
Let t(z) = -5*z**2 + 166*z - 835. What is t(27)?
2
Let m(s) = -s**3 + 16*s**2 - 25*s. Give m(9).
342
Let d(b) = 4*b**2 - 10*b - 45. Calculate d(6).
39
Let i(f) = 404*f - 22625. Calculate i(56).
-1
Let k(v) = -v**3 - 45*v**2 - 26*v - 1177. Give k(-45).
-7
Let p(x) = -18*x + 208. Give p(28).
-296
Let l(a) = -2*a + 243. Give l(-15).
273
Let b(m) = -2*m**2 + 124*m - 1268. What is b(49)?
6
Let t(b) = -69*b**3 + 2*b**2 + 9*b - 7. What is t(0)?
-7
Let x(g) = 13*g + 15. Give x(0).
15
Let q(m) = -61*m + 1628. Determine q(25).
103
Let l(n) = 4*n**3 - 10*n**2 - 30*n - 12. Calculate l(-2).
-24
Let f(k) = 3*k**2 - 24*k + 64. Give f(5).
19
Let c(b) = -b**2 - 56*b - 259. What is c(-51)?
-4
Let l(f) = 15*f**2 + 42*f - 9. Give l(-3).
0
Let x(o) = -o**3 - 33*o**2 + 12*o + 1419. Calculate x(-32).
11
Let y(g) = g**2 - 24*g + 114. Calculate y(17).
-5
Let c(j) = -21*j - 23. Give c(-2).
19
Let w(p) = -p**3 + 6*p**2 - 35. Give w(5).
-10
Let v(f) = 4*f**2 - 213*f - 4066. Calculate v(-15).
29
Let u(x) = 6070*x - 12134. Calculate u(2).
6
Let x(o) = -o**3 - 21*o**2 + 20*o + 28. Calculate x(-22).
72
Let z(n) = 22*n + 172. Determine z(-8).
-4
Let k(c) = 36*c + 184. Determine k(-22).
-608
Let c(p) = p**3 - 4*p**2 - 3*p - 39. What is c(6)?
15
Let z(h) = h**3 + 14*h**2 - 977*h - 66. What is z(-39)?
12
Let r(q) = -30*q**2 - 20*q - 20. Give r(-1).
-30
Let g(f) = f**3 - 18*f**2 + 61*f - 76. What is g(14)?
-6
Let t(p) = -131*p - 4456. What is t(-34)?
-2
Let j(k) = -709*k - 8515. Give j(-12).
-7
Let j(o) = 59*o - 256. Calculate j(6).
98
Let d(w) = -16*w**3 - 5*w**2 + 3*w - 1. Determine d(2).
-143
Let n(y) = 13*y**3 - y**2 - 39*y - 80. Determine n(-2).
-110
Let n(r) = r**3 - 11*r**2 + 11*r - 14. Calculate n(10).
-4
Let b(i) = i**3 - 19*i**2 - 223*i + 159. Determine b(27).
-30
Let h(k) = -k**3 - 40*k**2 - 112*k - 32. Calculate h(-37).
5
Let d(t) = -t**3 + 14*t**2 - 10*t - 10. Calculate d(10).
290
Let f(s) = 21*s**2 - 2*s - 18. What is f(4)?
310
Let v(o) = -2*o**2 + 37*o + 160. Determine v(19).
141
Let x(z) = 7*z**2 - 74*z + 56. Give x(10).
16
Let i(n) = -18*n**3 - 4*n**2 + 21*n + 24. Calculate i(-1).
17
Let y(v) = -v**3 - 14*v**2 + 38*v + 1. What is y(-15)?
-344
Let q(d) = -d**3 + 38*d**2 + 92*d - 5914. Determine q(36).
-10
Let x(r) = -1054*r + 59035. Give x(56).
11
Let l(g) = -51*g - 18. Give l(3).
-171
Let c(f) = 6*f**2 + 148*f - 489. What is c(3)?
9
Let w(o) = 31*o - 72. Give w(7).
145
Let s(k) = -5*k**2 + 95*k + 403. Give s(-4).
-57
Let b(i) = -2*i**3 - 31*i**2 - 68*i - 20. Calculate b(-13).
19
Let d(v) = -16*v**2 - 25*v - 31. Calculate d(-6).
-457
Let b(g) = g**3 + 10*g**2 + 6*g - 1. Determine b(-3).
44
Let y(p) = -20*p - 637. What is y(-32)?
3
Let t(g) = 262*g + 3399. Calculate t(-13).
-7
Let z(k) = -k**3 - 179*k**2 + 8248*k + 428. Calculate z(-217).
-6
Let x(g) = -2148*g - 193322. Determine x(-90).
-2
Let z(s) = 21*s**2 + 118*s - 166. Calculate z(-7).
37
Let o(m) = m + 207. What is o(31)?
238
Let q(j) = j**3 + 9*j**2 + 13*j - 10. Calculate q(-7).
-3
Let v(d) = d**3 + 13*d**2 - 35*d - 279. Give v(-7).
260
Let g(s) = -s**2 - 104*s - 504. Give g(-99).
-9
Let l(q) = q**2 + 107*q - 304. Give l(0).
-304
Let z(n) = n**2 - 1481*n - 45333. Give z(-30).
-3
Let d(w) = w**2 - 8*w - 7033. Determine d(88).
7
Let q(s) = 13*s**2 + 269*s + 256. Give q(-20).
76
Let i(k) = -8*k**3 + 2184*k**2 + 9*k - 2454. Determine i(273).
3
Let d(a) = 136*a - 1623. Give d(9).
-399
Let g(i) = 69*i - 501. Calculate g(7).
-18
Let f(r) = -18*r**3 + 2*r**2 - 14*r - 22. Calculate f(-3).
524
Let f(l) = -13*l**2 + 19*l + 57. Determine f(3).
-3
Let j(c) = c**3 + 4*c**2 - 5. Determine j(-5).
-30
Let t(p) = 257*p**3 - 6*p**2 - 6*p. Give t(-1).
-257
Let a(q) = 143*q + 114. What is a(4)?
686
Let c(m) = -14*m**2 + 2393*m + 173. Calculate c(171).
2
Let u(o) = -3*o**2 + 147*o - 1074. What is u(40)?
6
Let l(a) = -75*a + 747. Determine l(9).
72
Let q(j) = j**2 - 24*j + 12. Give q(29).
157
Let r(a) = 81*a**2 - 327*a + 7. Calculate r(4).
-5
Let p(u) = -2*u**2 + 179*u - 1873. Determine p(12).
-13
Let m(h) = 648*h - 13641. Calculate m(21).
-33
Let k(r) = -r**2 - 463*r + 7669. Determine k(16).
5
Let q(h) = -77*h**2 - 847*h + 20. What is q(-11)?
20
Let j(o) = 2*o - 38. Calculate j(3).
-32
Let f(k) = 22*k + 140. Determine f(-5).
30
Let x(r) = 55*r - 2084. Calculate x(38).
6
Let y(s) = s**3 + 8*s**2 + 13*s + 27. Calculate y(-5).
37
Let s(l) = 27*l**2 + 379*l + 17. Determine s(-14).
3
Let k(t) = -t**2 - 29*t + 1398. Determine k(-50).
348
Let d(a) = 2*a**3 - 72*a**2 - 81*a + 257. Calculate d(37).
-2
Let d(j) = -20*j - 2280. Give d(-125).
220
Let f(m) = -7*m**2 - 64*m + 10. Calculate f(-15).
-605
Let a(n) = 21963*n + 571040. Give a(-26).
2
Let m(i) = -i**2 - 66*i - 744. What is m(-47)?
149
Let